se 5, what is -21034 + -2?
-21041
In base 11, what is -4 - -4962?
4959
In base 16, what is -1e7 - 2451?
-2638
In base 12, what is 12a8412 + -2?
12a8410
In base 4, what is -312301330 - 1?
-312301331
In base 10, what is 9419 - 18?
9401
In base 8, what is 1055741 - 1?
1055740
In base 10, what is -2567420 + 5?
-2567415
In base 16, what is -15ad + -1c6?
-1773
In base 16, what is -56f + f2?
-47d
In base 10, what is -1 - -77060?
77059
In base 16, what is 1fb - 5e7?
-3ec
In base 7, what is -3616 + 5?
-3611
In base 15, what is -24 - -7e?
5a
In base 11, what is 19 + 1957?
1975
In base 10, what is -23987 - 9?
-23996
In base 2, what is -11011001010001 + 11?
-11011001001110
In base 3, what is 101 + -1021221?
-1021120
In base 12, what is -105 - -35a?
255
In base 7, what is 520 + -2414?
-1564
In base 16, what is -24 + -48?
-6c
In base 15, what is 8 - 1891?
-1888
In base 14, what is -1 + 171b?
171a
In base 13, what is -15c5 - -128?
-149a
In base 11, what is -30060 + a?
-30051
In base 16, what is -15b09 + -5?
-15b0e
In base 3, what is -12 + -10000221?
-10001010
In base 9, what is -21 - 40247?
-40268
In base 10, what is 4440439 - -2?
4440441
In base 6, what is 52 - -31?
123
In base 11, what is -14a3 - 704?
-20a7
In base 4, what is -130020322 - 10?
-130020332
In base 7, what is 22122 + -2?
22120
In base 3, what is 12 + -11222020011?
-11222012222
In base 7, what is 145502 + 112?
145614
In base 8, what is 40 - -16425?
16465
In base 7, what is -3 + -1020462?
-1020465
In base 13, what is -3 + 954?
951
In base 16, what is 70ce + -4?
70ca
In base 5, what is -4300202 + -3?
-4300210
In base 2, what is -110 + -10000000110010010?
-10000000110011000
In base 14, what is -77ab3 - -8?
-77aa9
In base 6, what is 14 - 343153?
-343135
In base 14, what is 78 + -290?
-216
In base 2, what is -1000101 + 10010111011001?
10010110010100
In base 4, what is 3 - 1212220311?
-1212220302
In base 4, what is 2 + 10011110001?
10011110003
In base 11, what is 5 + 172284?
172289
In base 12, what is -11276a7 + 5?
-11276a2
In base 7, what is -66 + 25214?
25115
In base 3, what is 11111012000 + 12?
11111012012
In base 2, what is -10111010 - 101000010?
-111111100
In base 5, what is -3 - 4214310?
-4214313
In base 9, what is -3 + 73137?
73134
In base 12, what is 3 - 157255?
-157252
In base 8, what is 27616 - -235?
30053
In base 6, what is -12 + -531543?
-531555
In base 12, what is -2538b5 + 1?
-2538b4
In base 7, what is -5034 - -644?
-4060
In base 9, what is -186 + 21125?
20828
In base 5, what is -111 + -32214?
-32330
In base 11, what is -2 + -8980?
-8982
In base 8, what is 10420376 - -3?
10420401
In base 13, what is -a + 7ca?
7c0
In base 3, what is -11 - -10011012121?
10011012110
In base 12, what is 1 - 14775b?
-14775a
In base 14, what is -1a94ab + 3?
-1a94a8
In base 3, what is 1021000 - -111011?
1202011
In base 12, what is -5 + -434b?
-4354
In base 12, what is -b - -23a58?
23a49
In base 10, what is 5 + 23566?
23571
In base 3, what is -11 - -11000010?
10222222
In base 5, what is -10 - -12143310?
12143300
In base 12, what is 1112 + -3b7?
917
In base 13, what is 1c882 - 0?
1c882
In base 5, what is 3241314 - -33?
3241402
In base 8, what is -61533 + 50?
-61463
In base 16, what is d2 + -3fb1?
-3edf
In base 13, what is -1963 - -3?
-1960
In base 7, what is 111 + -5222?
-5111
In base 9, what is 45512 + 5?
45517
In base 4, what is 1112230010 - 21?
1112223323
In base 11, what is -397 + 8952?
8566
In base 3, what is 110 + 22102010?
22102120
In base 7, what is 5 - 5423004?
-5422666
In base 3, what is 200220120 - 122?
200212221
In base 5, what is 120100 + -13?
120032
In base 14, what is -11a220 + -3?
-11a223
In base 8, what is 1 - 4151146?
-4151145
In base 15, what is -16d5 - 6?
-16db
In base 11, what is 11 - -2937?
2948
In base 14, what is c + -2a23?
-2a15
In base 9, what is -82602 - 104?
-82706
In base 12, what is -88a3 + 2?
-88a1
In base 16, what is b5c + 1?
b5d
In base 10, what is 0 + -5408?
-5408
In base 11, what is 1 - 463653?
-463652
In base 12, what is -2 - -1b5704?
1b5702
In base 8, what is 132 + 317?
451
In base 10, what is -1339 + -123?
-1462
In base 4, what is 10030323 - -102?
10031031
In base 5, what is 124212113 + 2?
124212120
In base 10, what is -1751 - 76?
-1827
In base 12, what is 11 + -15567?
-15556
In base 13, what is c - -5774?
5783
In base 9, what is -2 + -173514?
-173516
In base 4, what is -110 - 30021?
-30131
In base 12, what is 3 + 5669b?
566a2
In base 2, what is 11111101 + -110100000?
-10100011
In base 15, what is 32 + d19?
d4b
In base 12, what is -17 - -159139?
159122
In base 8, what is 14 - 400?
-364
In base 10, what is 3 + -80634?
-80631
In base 4, what is -331001 - 33?
-331100
In base 10, what is -3 + -2908?
-2911
In base 16, what is -f62 + -21?
-f83
In base 9, what is 63 + -3466?
-3403
In base 2, what is -1000 - -1111100101?
1111011101
In base 4, what is 3123302 + 11?
3123313
In base 5, what is 1033 - 1020?
13
In base 13, what is 25 + 6875?
689a
In base 11, what is -4a678 - -27?
-4a651
In base 12, what is 0 - ab94a?
-ab94a
In base 5, what is -14133 + -213?
-14401
In base 8, what is 37170 - -1?
37171
In base 13, what is 6c5 + -13?
6b2
In base 3, what is -11211201 + 10?
-11211121
In base 5, what is -1444203334 - -2?
-1444203332
In base 9, what is 44 + -377507?
-377453
In base 8, what is 141 - 1607?
-1446
In base 16, what is 5c + -8a?
-2e
In base 11, what is -4 - 770668?
-770671
In base 6, what is -223333 - -5?
-223324
In base 10, what is -27 - 9983?
-10010
In base 16, what is 0 - -9fc80?
9fc80
In base 16, what is -3 + -144a5?
-144a8
In base 9, what is 5256 - -382?
5648
In base 12, what is -2575 + -17?
-2590
In base 10, what is -44993 - 20?
-45013
In base 15, what is 3d + -cd?
-90
In base 3, what is 12 - -211220?
212002
In base 10, what is -448 + 13013?
12565
In base 9, what is 248155 - 4?
248151
In base 6, what is -100451 - 51?
-100542
In base 7, what is -4512 - 44?
-4556
In base 16, what is 106e + 19?
1087
In base 5, what is 10 + 244012?
244022
In base 15, what is -6 - 1c71?
-1c77
In base 11, what is 656 + 880?
1426
In base 11, what is -63 + 1356?
12a3
In base 3, what is -202210 + -10120021?
-11100001
In base 3, what is 1010002210002 - 12?
1010002202220
In base 10, what is 49 + -35357?
-35308
In base 7, what is 5 - -166054?
166062
In base 15, what is -5 + -608ba?
-608c0
In base 3, what is -1111102 - 12112?
-1200221
In base 5, what is 14412 - 14?
14343
In base 2, what is 110101110110011101 - -111?
110101110110100100
In base 7, what is 2114 + 2260?
4404
In base 9, what is -13558 - -3?
-13555
In base 15, what is 12 + 4cb8?
4cca
In base 11, what is 2 - 79794?
-79792
In base 9, what is -206646 - -12?
-206634
In base 8, what is 4600 + 116?
4716
In base 10, what is 2 - 61423?
-61421
In base 11, what is -9902 + -5?
-9907
In base 16, what is 2 + 35af?
35b1
In base 4, what is 2 - -1312233?
1312301
In base 5, what is 212422143 + 10?
212422203
In base 8, what is -136706 + 3?
-136703
In base 10, what is 2 - -14619?
14621
In base 14, what is 40 - -8c?
cc
In base 4, what is 1 - -320110313?
320110320
In base 13, what is 2705 + 7?
270c
In base 6, what is -144 + -34050?
-34234
In base 11, what is -7 + -2749?
-2755
In base 7, what is 201 + -45?
123
In base 8, what is 62314 + 2?
62316
In base 5, what is 12 - 400212?
-400200
In base 11, what is 285989 - -2?
285990
In base 8, what is -162 - 2537?
-2721
In base 12, what is -4 - 18018a?
-180192
In base 3, what is 2 - -11000220?
11000222
In base 11, what is -3582 + -20?
-35a2
In base 13, what is 288c + -39c?
24c0
In base 6, what is -3353 + -11121?
-14514
In base 16, what is -491 + -28b?
-71c
In base 6, what is -2353 - 10?
-2403
In base 14, what is -66 + 9651?
95c9
In base 14, what is 7 + -1c4b?
-1c44
In base 5, what is 3 + 233204?
233212
In base 5, what is -12 - 2230033?
-2230100
In base 8, what is -703432 - -5?
-703425
In base 8, what is 240457 + 21?
240500
In base 3, what is -2112002011022 + -11?
-2112002011110
In base 15, what is 24d0d - -2?
24d10
In base 2, what is -101011010010 + 110010010?
-100101000000
In base 9, what is 470 - -208?
678
In base 8, what is 14525 - 46?
14457
In base 5, what is -23342300 - -3?
-23342242
In base 11, what is 3 + -3012?
-300a
In base 7, what is 56 - 36142?
-36053
In base 14, what is -39 + -2205?
-2240
In base 10, what is -